posite number?
False
Let i(z) = -z - 5. Let g be 38/57*(-3)/1. Let t be i(g). Is (0 + t)*1*-127 prime?
False
Suppose w = -3 - 6. Let j(d) = 4*d**2 + 11*d - 9 + 1 + 2*d**2 + 0*d**2. Is j(w) composite?
False
Let n(v) = -19*v**3 - 5*v**2 - 3*v + 2. Let a be n(-3). Let f = a + 35. Suppose -13*z - f = -15*z. Is z a prime number?
True
Suppose 65605 + 97229 = 21*j. Is j a prime number?
False
Is 53615814/1034 - (-4)/22 a composite number?
False
Suppose 5*w - 17618 = -2*r, -421*r - w + 17618 = -419*r. Is r a composite number?
True
Let t(p) = -29231*p**3 + 3*p**2 + p - 5. Is t(-2) a prime number?
False
Suppose 2*b + 4*v - 92 = -b, 0 = 3*b - 5*v - 74. Suppose -b*a + 375 = -27*a. Suppose -3*t = 4*n - 1040, 4*n - a - 645 = 2*t. Is n composite?
False
Suppose 5*i + 2*p + 14 = -0*i, -i = -3*p + 13. Is 2 + (i - -2) - -1523 a composite number?
False
Let g(r) = 127*r**2 - 39*r + 811. Is g(24) prime?
False
Let k = -11 - -70. Suppose -2 = k*s - 57*s. Let l(t) = -3787*t + 4. Is l(s) a prime number?
False
Let q be 3 - (0 - 0) - (-841449)/17. Suppose 277071 + q = 21*n. Is n prime?
True
Suppose -i + 45*i - 314776 = 0. Let x = i - -5165. Is x a prime number?
False
Let k(x) = 14*x**2 - 6*x + 15. Let j = -229 - -216. Is k(j) prime?
True
Let a = -46009 + 78908. Is a a prime number?
False
Let j(v) = 1649*v**2 - 8*v - 8. Let r = 73 - 70. Let t be -3 + (3 - 5) + 12/r. Is j(t) a composite number?
True
Let l(s) = -1385*s - 10931. Is l(-56) a composite number?
False
Suppose -3597 = -2*j + w, -j + w = -2*w - 1791. Suppose 2*s - j - 922 = 0. Is s prime?
True
Suppose n - 5*w = 14326, 2*n + 26*w - 24*w = 28712. Is n composite?
True
Suppose 26*l = 33*l + 34790. Is (-5)/15*-1 + l/(-3) a prime number?
True
Let t(g) = 36*g + 9*g**2 - 12*g**2 - 2 + 2*g**2 - 1. Let i be t(18). Suppose 2*v - 5*v = 3*p - i, -p = 2. Is v prime?
True
Let f(l) be the second derivative of 133*l**3/6 - 3*l**2 + 79*l. Let q(a) = -a + 9. Let u be q(0). Is f(u) a prime number?
False
Suppose r = 2, -135*m + 131*m + 2*r = -3849936. Is m prime?
False
Let u(t) = -427*t + 133067. Is u(0) composite?
True
Suppose -3*q = 5*c - 41383, -273*c + 270*c - 27614 = -2*q. Is q composite?
True
Let p(y) = -21*y + 38. Let q(w) = w**2 - 13*w + 35. Let u be q(7). Is p(u) a composite number?
True
Let u be (-371)/(-2)*-1*(-96)/(-28). Let l = -3588 + 2545. Let n = u - l. Is n composite?
True
Suppose -84 = m - 78. Is ((-3)/m - (-11442)/12) + -1 a composite number?
False
Suppose -3*n = -4*n + 2*d + 24, -4*d + 92 = 5*n. Suppose -3*z - n = -14. Is (511/(-21))/((4/66)/z) a prime number?
False
Is ((-172583)/(-1))/((-8)/(-76) + 245/6517) prime?
False
Let h = -570 + 565. Let l(w) = -191*w + 12. Is l(h) composite?
False
Suppose 155 = -k + 5*n, 0*n = 2*k + 2*n + 250. Let c(h) = 39*h - 20. Let q be c(-8). Let y = k - q. Is y a prime number?
False
Is 13/((-468)/8) - 3606355/(-45) a prime number?
True
Is 3935538/3 - ((-96)/18 + 4/12) prime?
False
Let x(z) = -z - 24*z + 4 - 17*z + 19. Is x(-7) composite?
False
Suppose 9*b + 67762 = -8*b. Let u = -1825 - b. Is u composite?
False
Suppose -w - 546703 = -q, 10*q = 8*q - 2*w + 1093430. Is q prime?
True
Let s(p) be the first derivative of -30*p**2 + 7*p - 12. Let d(x) = x**2 - 10*x - 28. Let v be d(12). Is s(v) prime?
False
Suppose 4*g + 13995 = 9*g + 5*n, 0 = -3*g - n + 8395. Let q = -1737 + g. Is q a prime number?
True
Let a(i) be the second derivative of i**5/20 + 468*i**2 - 10*i. Let r be a(0). Suppose -5*w + w - 1216 = -4*j, -3*j = 5*w - r. Is j a prime number?
True
Suppose 3*l - 1153 = -205. Let f = l + 2983. Is f prime?
True
Let t be 0 + (2*-20)/(-4). Suppose 4*r = -t*r + 1610. Is r a composite number?
True
Let y = -126591 - -227543. Suppose 4*l - 4*u - 49792 - y = 0, 3*u = 2*l - 75367. Is l composite?
False
Is (7 - (-886743)/(-27))/(4/(-6)) a composite number?
False
Let y = -428 + 464. Suppose 0 = -y*q + 39723 - 12435. Is q a prime number?
False
Let h be 3*(-1)/(-9)*9. Let f = h + -23. Is ((-824)/f)/((-4)/(-10)) prime?
True
Let u(n) = -852*n**3 - 201*n**2 - 5*n + 13. Is u(-9) a prime number?
False
Let y = -48 - -111. Let r = 28 - y. Is (-1898)/(-5) + 21/r composite?
False
Suppose -5*l + m = 1953200, -5*l + 5*m + 220159 - 2173359 = 0. Is l/(-95) - 1*(0 + 1) prime?
True
Let y = 4100 + -8595. Let u = y - -8696. Is u prime?
True
Let l(d) = -d**3 + 62*d**2 + 145*d - 249. Is l(64) a prime number?
True
Let d be (108/(-288))/((-2)/144). Is 113550/162 - (-2)/d a composite number?
False
Suppose -111*o = -112*o + 4*k + 138141, -k = -4. Is o a prime number?
True
Suppose 567802 = 66*s - 86720. Is s composite?
True
Let r = -379 + 381. Let z be 2/(1/296 + 0). Suppose -r*u - z = -4*a, 145 + 145 = 2*a - 4*u. Is a prime?
True
Let c = 8689 - 8865. Let f = -856 + 1831. Let b = f - c. Is b prime?
True
Is (565395/(-50)*-5 + -8)*(4 - 2) prime?
True
Let s(m) = -412*m + 101. Let j be s(13). Let y = j - -11102. Is y composite?
True
Let h = -11 - -56. Suppose -h*j + 53*j = 80632. Is j composite?
False
Is 1 + (-1 + 1 - -5) + 134561 a prime number?
False
Let r(q) = -104845*q**3 - q**2 + 6*q + 5. Is r(-1) prime?
False
Suppose 239*x - 1705604 - 269253 = 0. Is x prime?
True
Suppose -2*i = -v - 4*i + 35, -2*v - 3*i + 65 = 0. Suppose -24*o + 1 = -v*o. Is (o - 5446/(-8)) + 60/(-80) prime?
False
Suppose 2*a + d - 11111 = 0, 3*a + 6954 = -3*d + 23625. Suppose 4*g - 2*g - 3*p = 5549, 4*p = 2*g - a. Is g prime?
True
Suppose -z - 12263 = -7*z + 49915. Is z a prime number?
False
Let q(v) = 3*v + 23. Let c be q(-8). Let t be 6 - (5 + c/1). Suppose 5*w = -t*w + 9569. Is w a composite number?
False
Let m = 1 - -4. Suppose 8*g - 4*g - h - 14049 = 0, -m*g + h = -17560. Is g a prime number?
True
Suppose w - 441690 = -m, -m + 4*w + 272024 = -169701. Is m prime?
True
Let d(c) = -c**3 + 8*c**2 - 17*c + 58. Let f be d(7). Is (f/(-18) - 1)*-36447 composite?
False
Let l(f) = -3*f - 16. Let a be l(-4). Let b be 705*(-9)/(-30)*a. Let h = 1537 + b. Is h prime?
True
Let g(h) = h**2 - 24*h + 133. Let x be g(14). Is 6641 + (x - (-15)/5) a prime number?
True
Let k be 22/(-66) - (-1)/3. Suppose -3*w - 12 = r - 8*w, k = 5*r + 2*w + 60. Is ((-1514)/5)/(r/30) composite?
False
Let g be (1 - 87/12)*-12. Suppose -g = y - 337. Let c = y + 67. Is c prime?
False
Let u(r) = 8*r**2 + 49*r + 58. Is u(67) composite?
True
Let i(u) = -166984*u + 59. Is i(-5) prime?
False
Suppose -11*j - 1886 = 30*j. Let r(l) = -l**2 - 69*l + 83. Is r(j) prime?
False
Is 128/(-80)*-5 + 265271 prime?
False
Let v be -14*(-2 - 40/2). Suppose -u = -3*u - i + 74, 0 = 3*u - 5*i - 137. Let g = u + v. Is g composite?
False
Let v(n) = 34*n**2 + 4*n - 15. Let o be v(6). Let y = o - 557. Let i = y - 369. Is i a composite number?
False
Let q(h) = 26*h**2 + 16*h - 57. Let a be q(18). Suppose 3*u + 2*b - a = 2*u, -34598 = -4*u + 3*b. Is u composite?
True
Let f(c) = 2*c - 37. Let y be f(25). Suppose 70754 = -y*w + 47*w. Is w composite?
False
Let g(b) = b**2 + 4*b + 16. Let h be g(-10). Let a = 338 - h. Let k = a - 183. Is k a prime number?
True
Suppose 49 = i - 100. Suppose -60*v + 36*v + 7488 = 0. Let a = v - i. Is a composite?
False
Suppose -4*k + 3 = -7*k. Let d be (k/4 + (-3039)/36)*-3. Suppose 0*j + 3*n = j - d, -4*n = -3*j + 762. Is j a prime number?
False
Let h be -2*18*1/3. Let y(t) = 5*t**2 - t**3 - t - 3*t + 17 - 3*t**2. Is y(h) composite?
False
Let v be (-5)/2*(-12)/5 + -4. Suppose k - v = 0, 4*s - 5*k - 4856 = -7*k. Is s a composite number?
False
Let b(a) = -a**2 + a. Let o(n) = -3*n**2 - 12*n + 9. Let m(r) = 4*b(r) - o(r). Let z be m(15). Is -29*(196/(-12) - 4/z) a prime number?
False
Let s be 3/(4 + (-30)/12). Suppose -2*z + 1496 = a - z, -5*a + 7483 = s*z. Is a prime?
False
Suppose -2*k + 18 = -3*k + 5*c, 2*k - 5*c = -11. Suppose -5*i + 3*b = -6, -4*b + 5 + k = 0. Suppose -i*g + 64 = -173. Is g a prime number?
True
Let h = 865437 + 84010. Is h a prime number?
False
Let z(l) = 11*l**3 + 9*l**2 - 15*l + 48. Let o(v) = -v**3 - v + 2. Let s(u) = -3*o(u) + z(u). Is s(5) prime?
False
Suppose 2*c = -2*u + 69374, -5*c = 6*u - 10*u - 173489. Is c a prime number?
True
Let j = -693 + 380. Let z be 10/4 - (-21 - (-8267)/(-14)). Let h = j + z. Is h composite?
True
Let b be 14/(-3)*1/((-35)/90). Is (-14*138/b)/(-1) prime?
False
Let u = 1954314 - 980261. Is u a composite number?
False
Suppose -2*z - 6*